2223
What is -2646223 (base 8) in base 4?
-2310302103
44101244 (base 7) to base 15
4ea918
Convert -1115035 (base 10) to base 3.
-2002122112121
110110000110000011 (base 2) to base 16
36183
-3213420 (base 6) to base 5
-20020440
-562410 (base 7) to base 3
-12001020220
-1000101001000111100 (base 2) to base 10
-283196
-52541543 (base 6) to base 8
-5672707
-56186 (base 12) to base 7
-654135
What is 14170507 (base 8) in base 14?
5d6cab
Convert 5928531 (base 11) to base 12.
35703b5
What is 1024663 (base 7) in base 4?
132110002
28574730 (base 9) to base 15
139b2d3
2031131032 (base 4) to base 10
579406
Convert -763414 (base 10) to base 7.
-6326461
Convert -111013230 (base 4) to base 15.
-1a973
Convert 118a28 (base 15) to base 4.
3030321320
-23a35 (base 16) to base 8
-435065
What is 25034115 (base 6) in base 5?
201013301
-11881068 (base 10) to base 6
-1102352540
Convert 12315523 (base 6) to base 14.
a5667
-529d (base 15) to base 8
-42101
Convert -13004 (base 14) to base 7.
-253004
-21d020 (base 14) to base 10
-1149764
Convert 11013311112 (base 4) to base 15.
1b7d06
What is 33233021 (base 4) in base 13?
23453
What is 11001010010110111 (base 2) in base 11?
70929
a1240 (base 15) to base 5
112311020
Convert 14022242 (base 5) to base 12.
6a359
What is -3220010010 (base 5) in base 3?
-110210100102110
What is -302211211233 (base 4) in base 14?
-1a92b03
-770990 (base 10) to base 4
-2330032232
What is -100169 (base 11) in base 9?
-265163
22489 (base 16) to base 15
2b91a
Convert -11ea5c (base 16) to base 6.
-41055404
37450 (base 12) to base 6
1334540
What is -101073 (base 8) in base 11?
-23059
Convert -a0785 (base 11) to base 6.
-3054102
Convert -352145 (base 10) to base 16.
-55f91
-794ec (base 16) to base 15
-9c351
Convert -367402 (base 8) to base 4.
-132330002
What is -1021340310 (base 5) in base 6?
-113445151
What is 2b347 (base 13) in base 2?
10011111110111111
What is 1303224455 (base 6) in base 5?
12402310244
What is -60a81 (base 11) in base 16?
-15c39
What is -14126644 (base 7) in base 10?
-1318132
Convert -d645c (base 15) to base 4.
-2211313002
What is 42577 (base 8) in base 13?
8137
221232 (base 4) to base 13
12a5
-4154b (base 12) to base 15
-1a4bb
bdcd3 (base 16) to base 10
777427
What is -197273 (base 11) in base 7?
-2366543
What is 25675118 (base 9) in base 12?
428b42b
What is -18a51 (base 14) in base 4?
-33032333
What is -16c4c23 (base 13) in base 4?
-130100220100
-135117 (base 8) to base 7
-256024
-11215342 (base 6) to base 15
-6c1be
What is -1101011000100110001 (base 2) in base 6?
-13222241
-7a62c (base 14) to base 3
-120010012001
-342482 (base 11) to base 2
-10000101000010111001
-2629038 (base 10) to base 11
-1536265
Convert 100111001000010001 (base 2) to base 11.
aa463
What is 3745858 (base 10) in base 5?
1424331413
Convert -9bc3a (base 13) to base 9.
-471540
What is -1966c8a (base 14) in base 8?
-60107172
What is 9145 (base 11) in base 8?
27565
-130264 (base 12) to base 7
-2434612
What is 10010110110101101 (base 2) in base 5?
4432404
What is -20351 (base 14) in base 5?
-4434431
-4575a6 (base 14) to base 10
-2363710
305701 (base 8) to base 9
163870
-3ad98e (base 16) to base 15
-512b3c
-211011222110102 (base 3) to base 4
-230332112123
What is -312003003 (base 4) in base 2?
-110110000011000011
Convert 20313112032 (base 4) to base 6.
121450330
What is -1303134 (base 5) in base 8?
-61513
-246452554 (base 7) to base 15
-1585231
Convert 1000000000100000010101 (base 2) to base 10.
2099221
Convert -4bc01 (base 14) to base 12.
-8b909
Convert -13261546 (base 10) to base 11.
-7538661
Convert -16520142 (base 9) to base 13.
-193ba8b
What is 101011011011111 (base 2) in base 11?
15788
Convert 423240402 (base 5) to base 12.
716a91
What is -4244157 (base 10) in base 3?
-21222121220000
-271187 (base 9) to base 15
-33ce4
2232434301 (base 5) to base 11
2893653
485ad (base 16) to base 2
1001000010110101101
What is -745d9a (base 14) in base 13?
-a7a009
Convert 1012500 (base 6) to base 11.
3353a
Convert 100010111101101110 (base 2) to base 10.
143214
What is -1101000220120 (base 3) in base 5?
-141311214
What is 1111113221 (base 4) in base 2?
1010101010111101001
What is -11755712 (base 9) in base 8?
-25773255
-203413410 (base 5) to base 6
-30012522
Convert -112002 (base 6) to base 10.
-9506
-123401 (base 9) to base 4
-102032323
What is -198994 (base 10) in base 5?
-22331434
-21722a (base 15) to base 5
-401442430
24136 (base 7) to base 14
23c6
Convert -126013663 (base 7) to base 14.
-1115a6a
3101013230 (base 4) to base 16
d11ec
Convert -62a61 (base 12) to base 3.
-20120111001
Convert 4eb67a (base 15) to base 11.
2155674
What is 138302 (base 9) in base 6?
1452345
Convert 397a2 (base 13) to base 3.
12102110111
-150001 (base 9) to base 4
-112123033
Convert -849301 (base 10) to base 11.
-530102
Convert 469133 (base 12) to base 9.
2120523
What is -26654006 (base 7) in base 15?
-33b055
What is 897353 (base 14) in base 12?
1691611
What is -4b54b8 (base 12) in base 14?
-24139a
What is -3331200133 (base 4) in base 16?
-fd81f
What is 3905c (base 14) in base 2?
100010001011111010
Convert -5317a (base 15) to base 14.
-6c0bc
Convert 351815 (base 11) to base 2.
10001000011001010001
Convert 13271 (base 8) to base 3.
21222110
Convert 69cae (base 16) to base 5.
102331301
471470 (base 8) to base 15
32898
Convert -24641207 (base 8) to base 3.
-101021012221022
Convert -784570 (base 13) to base 3.
-12100010222211
What is -3301123224 (base 5) in base 16?
-6b99a9
What is -62285 (base 11) in base 5?
-10401333
Convert 4412534 (base 10) to base 4.
100311101312
4c71a2 (base 13) to base 3
10110122220220
-21023302 (base 5) to base 12
-84549
Convert -36981 (base 12) to base 5.
-4331334
Convert -222210211021 (base 3) to base 2.
-10000000110100110100
Convert -1005384 (base 9) to base 7.
-4356643
-8b9d14 (base 15) to base 12
-229520a
What is -14d220 (base 15) in base 3?
-1220010021210
What is -1111010010011111 (base 2) in base 4?
-33102133
What is 10200011102102 (base 3) in base 13?
534548
-2535350 (base 7) to base 5
-41002213
What is 68a7 (base 16) in base 10?
26791
Convert -580546 (base 10) to base 2.
-10001101101111000010
Convert -12122122 (base 4) to base 5.
-1320031
Convert -356109 (base 13) to base 11.
-798226
-6686577 (base 9) to base 16
-36ef95
What is -2154077 (base 8) in base 9?
-1073112
Convert 10785160 (base 9) to base 12.
1913830
-25ab429 (base 12) to base 11
-422412a
-22464042 (base 8) to base 6
-252303322
5222088 (base 9) to base 14
528a71
What is -8471220 (base 9) in base 13?
-c29c94
Convert 164143 (base 8) to base 11.
40773
Convert 51a27 (base 15) to base 14.
6a44b
Convert 2618334 (base 11) to base 12.
16285a5
-12131134 (base 5) to base 9
-184111
Convert 234b2 (base 15) to base 16.
1b73a
184212 (base 9) to base 4
123333002
42052 (base 13) to base 14
3138d
-1013325 (base 7) to base 11
-83103
383ab29 (base 12) to base 10
11029713
What is -19511 (base 11) in base 12?
-13919
What is -1010010001011110 (base 2) in base 8?
-122136
55165 (base 12) to base 8
333635
Convert 4a126 (base 12) to base 8.
304056
What is -13231414 (base 6) in base 15?
-8a444
4176a (base 13) to base 6
2304544
Convert 2042331034 (base 5) to base 12.
1516102
Convert 42040601 (base 7) to base 4.
31200012221
559b29 (base 12) to base 13
38a3c9
Convert 1213aa4 (base 12) to base 16.
35935c
-10100000101001001110 (base 2) to base 7
-5410235
Convert d3487 (base 14) to base 8.
1741177
-28906a (base 14) to base 9
-2575074
Convert 1331023424 (base 5) to base 12.
116a16b
Convert -1022011111 (base 3) to base 11.
-18296
1030624 (base 7) to base 11
86046
Convert 66a5 (base 12) to base 16.
2c5d
Convert -199780 (base 12) to base 11.
-289751
-30111101 (base 6) to base 4
-3033103231
What is 10001000101011000 (base 2) in base 6?
1255544
Convert 35461645 (base 8) to base 13.
17b86a6
Convert 122121443 (base 5) to base 9.
1077337
11122322300 (base 4) to base 7
15035534
2620a4 (base 11) to base 12
17aa18
What is -116695 (base 10) in base 3?
-12221002001
230233211223 (base 4) to base 2
101100101111100101101011
What is -639626 (base 11) in base 6?
-33531534
What is -1501546 (base 8) in base 2?
-1101000001101100110
153231110 (base 6) to base 12
1102496
What is -3160232 (base 7) in base 11?
-242797
What is -130674 (base 8) in base 9?
-68365
-12320